 factors of h?
2, 3, 5
Let f(l) = 6004*l + 10286. What are the prime factors of f(4)?
2, 3, 5717
Let x = 24216 - 10939. List the prime factors of x.
11, 17, 71
Let k = -24 + -5. Let s = k - -105. Suppose x + 57 = 3*l, -4*l - 4*x + s = x. What are the prime factors of l?
19
Suppose 4*h - 32598 = -3*l, -364*l - 54330 = -369*l - 2*h. What are the prime factors of l?
2, 3, 1811
Let k(y) = -2*y**3 - 15*y**2 + 6*y + 21. Let x(p) = -p + 18. Let s be x(27). What are the prime factors of k(s)?
2, 3, 5, 7
Let y = -30310 + 43244. List the prime factors of y.
2, 29, 223
Suppose 0 = 2*p - 5*c + 2*c - 12000, 0 = -p + 3*c + 6000. What are the prime factors of p?
2, 3, 5
Let z(m) = 178*m**3 - 5*m**2 + 5. Let h(k) = 177*k**3 - 4*k**2 + 4. Let x(s) = -5*h(s) + 4*z(s). Let c be (5 + (1 - 5))*(-9)/9. List the prime factors of x(c).
173
Let v(f) = -f**3 + 6*f + 7. Let z(o) = o**2 - 2*o - 3. Let p be z(3). Suppose -2*y - 11 = 5*w, 3*w - 2*w - 3*y + 9 = p. List the prime factors of v(w).
2
Let k be 3 + (-5 + 4)*1. Suppose f - k*f - 3*t = -5, -2*t = 4*f - 20. Suppose f*j - 4*o = 578, o + 4*o + 10 = 0. List the prime factors of j.
2, 3, 19
List the prime factors of 18/(-33) - 264992/(-44).
2, 3011
Suppose 0*x + 37 = -2*x + 7*u, 0 = -3*u + 9. What are the prime factors of 108/(2*x/(-72))?
2, 3
Let z(v) = v**2 + 10*v - 16. Let g be z(-11). Let b be ((-2)/(-8))/(g + 33726/6744). Let o = b - 134. What are the prime factors of o?
3, 7
Let h = -13812 + 21801. What are the prime factors of h?
3, 2663
Let i(m) = 31*m + 79. Let q(o) = 6*o**2 - 2*o - 1. Let l be q(-1). List the prime factors of i(l).
2, 37
Suppose 139*h - 2165012 = 526699 + 702669. List the prime factors of h.
2, 3, 5, 11, 37
Suppose -w = -10 + 9. Let d be (-2)/4*(w + -37). Suppose -d = -l + 24. List the prime factors of l.
2, 3, 7
Let r = 260 + -250. Let l(y) = 13*y - 3 + 2 - 6. What are the prime factors of l(r)?
3, 41
Suppose 19*o + 27*o = -0*o + 801412. List the prime factors of o.
2, 31, 281
Suppose -s + 2 = -3. Suppose -38*j + 40*j - 6 = -2*m, -j + 2*m = 0. Suppose 0 = s*q + 4*n - 316, -q + j*q + 4*n = 76. List the prime factors of q.
2, 3, 5
Let s be (-4)/26 + 4336/(-208). Let d be (77/s - -1)/(4/(-6)). Suppose 192 = 2*p - d*v, -345 = -0*p - 4*p - 5*v. List the prime factors of p.
2, 3, 5
Let x(m) = m**2 + 21*m - 10. Let a be (-32)/(-80)*(-45 - 0). Let b be x(a). Let o = -8 - b. List the prime factors of o.
2, 7
Suppose 0 = -36*s + 3*s + 107778. Suppose s = 5*h - t - 1443, 4689 = 5*h + 4*t. List the prime factors of h.
941
Let x(t) be the first derivative of 2*t**2 + 28*t - 4. Let a be x(-7). What are the prime factors of -1 + (-6 - -12) - (-1 - a)?
2, 3
Suppose 0 = -5*h + o + 12203, 0 = 2*h - 5*o + 382 - 5254. Suppose -3*j = 2*q - h, -5*q + 3250 = 2*j + 2*j. What are the prime factors of j?
5, 163
Suppose -71*n + 3549546 = -49*n. What are the prime factors of 3/(-6) + (n/14)/9?
2, 5
Let o(d) = 863*d - 3188. List the prime factors of o(14).
2, 4447
Suppose 0 = -56*r + 10*r + 274344. What are the prime factors of r?
2, 3, 7, 71
Let j = -1978 + 1195. Let z = 7 - j. What are the prime factors of z?
2, 5, 79
Let w(h) = 3*h**2 - 302*h - 214. What are the prime factors of w(105)?
1151
List the prime factors of (-40270)/4*72/(-180).
4027
Suppose 0 = -3*i - 2*g + g - 226, 384 = -5*i + 2*g. Let y = i - -60. Let f(x) = -x**2 - 22*x + 50. What are the prime factors of f(y)?
2, 73
Suppose -16 = -3*c - 4. Let a(k) = -6*k + 9. Let u be a(c). Let b = u - -128. What are the prime factors of b?
113
Let a(z) = z**3 - 23*z**2 - 139*z - 17. Suppose 12*c - 61 = 10*c + p, 3*c - 90 = p. What are the prime factors of a(c)?
2, 499
Let y = -2136 - -2140. Suppose 2*t + 5*u = 15, t = -3*t + 5*u + 15. Suppose -t*l + 106 + 279 = -5*x, 290 = y*l + 2*x. List the prime factors of l.
2, 37
Let u(r) = -1 + 3*r - r**2 - r - 2*r. Let n(w) = 8*w**2 - 4*w + 8. Let d(b) = n(b) + 6*u(b). What are the prime factors of d(5)?
2
Let h(s) be the third derivative of 1/120*s**6 + 2*s**2 + 11/24*s**4 + 0*s + 0 + 13/60*s**5 + 4/3*s**3. What are the prime factors of h(-11)?
3, 43
Let s(w) = 5*w + 59. Let c be s(-11). Let r(u) = 7*u**2 - 9*u - 6. List the prime factors of r(c).
2, 5, 7
Let r(d) = -9804*d - 2867. What are the prime factors of r(-3)?
5, 5309
Let o(q) = 4*q**2 - 25*q - 154. List the prime factors of o(-18).
2, 199
Suppose -j = -4*g + 667, -j - 100 = 2*g - 441. Suppose -b = -3*u + g + 1373, -2*u + 1034 = -4*b. List the prime factors of u.
3, 19
Let x be (24/5)/(9/(-420)*-1). Let h = 47 + x. What are the prime factors of h?
271
Let x be (108/(-100) - -1) + 4/50. Suppose 4*w + 318 = d + d, -5*d - 2*w = -783. Suppose -2*b - 3*b - 5 = x, -a + 5*b + d = 0. What are the prime factors of a?
2, 19
Let v be (9 - 7) + -2 + 19. Suppose -2417 = -v*a - 384. List the prime factors of a.
107
Let h be (64/20)/((-2)/(-425)). Let y = h + -469. Suppose 5*j + 6 - y = 0. List the prime factors of j.
41
Let u be 2/(2 - (-8)/(-3)). Let l be (-29060)/160 + 6/(-16). List the prime factors of 1 + (2 + u - l).
2, 7, 13
Let m be (1732/8 + -6)*-4. Let x = -24 - m. List the prime factors of x.
2, 409
Let x(d) = d**2 - 5*d - 5. Let y be x(-1). Suppose -y = -p + 1. Suppose 2*i = -t + 48 + 111, -p*t + 314 = 3*i. List the prime factors of t.
151
Suppose 3*d - 60 + 6 = 0. Suppose -11*k + 8*k = -d. Suppose -k*v - v = -1463. What are the prime factors of v?
11, 19
Let p(a) be the third derivative of 9*a**5/20 + a**4/12 - 7*a**3/2 - 3*a**2 - a. List the prime factors of p(-5).
2, 7, 23
Suppose 4790887 = 283*t - 579038. What are the prime factors of t?
3, 5, 11, 23
Suppose -211417 + 758425 = 28*s + 126*s. What are the prime factors of s?
2, 3, 37
Let m = 4986 - -4056. What are the prime factors of m?
2, 3, 11, 137
Let b = -978 + 955. Let k(a) be the third derivative of -a**6/120 - 11*a**5/30 + 5*a**4/6 + 11*a**3/2 + 2*a**2. What are the prime factors of k(b)?
2, 3, 17
Suppose w - 24 + 15 = 0. Let y = w + -5. Let l(n) = n**2 + 2*n + 10. What are the prime factors of l(y)?
2, 17
Suppose 0 = -3*z - 12, -5*b - 3*z + 45 = -88. Let a = b - 17. List the prime factors of (236/a)/(3/27).
3, 59
Let r(i) = -i**3 - 18*i**2 - 15*i - 11. Let z be r(-18). Let l = z + 242. List the prime factors of l.
3, 167
Let k(t) = 3*t**2 - t - 14. Let g(a) = -a**3 + 5*a**2 + 5*a + 13. Let h be g(6). What are the prime factors of k(h)?
2, 3, 7
Let k = -172 - -174. Suppose -2*s + 5*l - l + 78 = 0, k*l = -5*s + 243. What are the prime factors of s?
47
Let r(v) = -14*v - 14. Suppose 24 = 2*o + 6. Suppose 0 = -t + 4*d - o, 3*t + d + 38 = 11. List the prime factors of r(t).
2, 7
Let q(n) = n**2 + 9*n + 17. Let f be q(-7). Suppose f*s + 4*t - 1942 = 0, -5*s - 5*t + 1467 + 1768 = 0. List the prime factors of s.
2, 17, 19
Let q(n) = -190*n - 1055. List the prime factors of q(-33).
5, 7, 149
Suppose 0 = -5*l + 5*s + 135, 2*l - 1 = 4*s + 51. Suppose -28024 = -l*f - 3*f. List the prime factors of f.
2, 113
Let n be (-3 + 33/6)*(-3 + 5). Let a be 4 - n - (2 - (3 - -2)). Let r(s) = 5*s**3 + s**2 + 4. List the prime factors of r(a).
2, 3
Suppose t + 2*l = 29069, -3*t - 59*l = -58*l - 87247. What are the prime factors of t?
3, 5, 7, 277
Let b(p) = p**3 + 2*p**2 - 2*p. Let k be b(-3). Let h be (k/(-6))/(1/(-366)). Let s = h + 281. What are the prime factors of s?
2, 7
Let q be (2/4)/(7/812) + 4. Suppose q*g - 6*g = 33040. List the prime factors of g.
2, 5, 59
Let y(u) = 329*u - 5848. What are the prime factors of y(104)?
2, 3, 197
Suppose w + 5 = -5*u, w + 4*w + 4*u - 17 = 0. Suppose -x + 7 = w. What are the prime factors of (-3 - (-7)/x)*36?
2, 3
Let a(g) = 19*g - 109. Suppose 667 = 11*w + 18*w. What are the prime factors of a(w)?
2, 41
Suppose 0 = -n - 2, -2*z + z - n - 119 = 0. Let v = 322 - z. Suppose -p - p - 3*t + 171 = 0, -v = -5*p + 4*t. List the prime factors of p.
3, 29
Let k(x) = -x**2 + 27*x + 23. Suppose 0 = 6*q - 13*q + 84. List the prime factors of k(q).
7, 29
Suppose 5*d - 4*b = 33893, -30*b + 13558 = 2*d - 32*b. What are the prime factors of d?
3, 251
List the prime factors of ((-1879)/(-3))/(571/29121).
17, 1879
Let w = 18754 - 10850. What are the prime factors of w?
2, 13, 19
Let n = -1394 - -2541. Suppose 4*k - n - 357 = 0. List the prime factors of k.
2, 47
Suppose 2*z - 3*q + 931 = 0, 2*z = 5*z + 3